72868.
26
What is the highest common divisor of 4455 and 98695?
5
What is the greatest common factor of 8906 and 31202828?
146
What is the highest common factor of 140459934 and 1740?
174
Calculate the greatest common divisor of 4906 and 311084554.
4906
What is the greatest common divisor of 3132 and 1112994?
54
What is the greatest common factor of 72 and 34399098?
18
What is the greatest common divisor of 1475 and 1384800800?
1475
What is the greatest common factor of 81642 and 56958?
66
What is the highest common divisor of 14664 and 257121631?
611
What is the highest common factor of 91 and 3319693?
13
What is the greatest common divisor of 949 and 942799?
13
What is the greatest common factor of 1282434 and 414?
138
What is the highest common divisor of 172 and 330980116?
172
What is the greatest common factor of 20690 and 15590?
10
Calculate the highest common factor of 14972896 and 80.
16
What is the highest common divisor of 179413 and 18889?
13
Calculate the highest common factor of 149902632 and 528.
264
Calculate the greatest common factor of 16240 and 1431440.
2320
Calculate the highest common divisor of 679447193 and 3163.
3163
Calculate the highest common divisor of 66231 and 5605328.
223
What is the greatest common divisor of 24995355 and 1275?
255
Calculate the greatest common factor of 17631515 and 3025.
605
Calculate the greatest common divisor of 23242263 and 167865.
1083
What is the greatest common factor of 1422 and 34433019?
711
What is the highest common factor of 646 and 44504384?
38
Calculate the greatest common divisor of 69118 and 640783104.
9874
What is the greatest common divisor of 3642263 and 543?
181
Calculate the highest common divisor of 576 and 191296.
64
Calculate the highest common factor of 96984857 and 751381.
14177
What is the greatest common factor of 125496 and 288905736?
13944
What is the highest common divisor of 31468590 and 2536?
634
Calculate the greatest common factor of 238580 and 1411246.
302
What is the greatest common divisor of 5214 and 142846?
22
Calculate the greatest common divisor of 1442784 and 4161.
57
What is the highest common factor of 6933048 and 72?
24
Calculate the highest common factor of 42733471 and 6164.
1541
Calculate the highest common factor of 13282 and 634330.
458
Calculate the greatest common factor of 48 and 63330870.
6
Calculate the highest common factor of 86985 and 161217.
9
What is the highest common divisor of 9540 and 1156770?
90
Calculate the highest common divisor of 12702584 and 4672.
584
Calculate the highest common factor of 149565 and 2516055.
885
Calculate the greatest common factor of 144364698 and 27531.
3933
Calculate the highest common divisor of 935 and 9699690.
935
Calculate the highest common divisor of 132312 and 555472.
1192
What is the highest common factor of 28 and 191877?
7
Calculate the greatest common factor of 9482993 and 403.
403
Calculate the greatest common divisor of 99626155 and 445.
445
Calculate the highest common factor of 17416 and 599554508.
8708
What is the greatest common divisor of 1155 and 680097?
33
Calculate the highest common divisor of 1494 and 1623978498.
498
What is the greatest common factor of 24028760 and 24?
8
Calculate the greatest common divisor of 25 and 1101961075.
25
Calculate the greatest common factor of 19783 and 416798.
271
Calculate the highest common divisor of 121674538 and 159.
53
What is the highest common factor of 78824952 and 216?
72
What is the highest common divisor of 9718758 and 1176?
294
What is the highest common factor of 454540456 and 24?
8
Calculate the highest common divisor of 13279119 and 20976.
1311
Calculate the greatest common divisor of 46754780 and 40.
20
Calculate the highest common divisor of 312 and 1841502.
78
What is the greatest common divisor of 1253260 and 393818?
446
What is the highest common factor of 10200 and 41507880?
2040
Calculate the greatest common factor of 94417 and 14991.
263
Calculate the highest common factor of 619705 and 295.
5
What is the greatest common divisor of 15355314 and 4642?
422
Calculate the highest common divisor of 160 and 1636556240.
80
Calculate the greatest common factor of 998486 and 8282.
202
What is the greatest common factor of 330792670 and 1610?
230
Calculate the greatest common factor of 335718 and 1674.
54
What is the greatest common divisor of 866073 and 50986?
689
What is the highest common divisor of 230 and 373442950?
230
What is the highest common factor of 11079867 and 292?
73
Calculate the greatest common factor of 744 and 12905724.
12
What is the highest common factor of 892087104 and 960?
192
Calculate the highest common factor of 106 and 986531241.
53
Calculate the greatest common divisor of 1934 and 46962.
2
What is the highest common divisor of 913 and 12337203?
83
What is the greatest common divisor of 1234704 and 15737154?
5322
What is the highest common factor of 13212543 and 57?
57
What is the greatest common factor of 1937226 and 21?
3
Calculate the greatest common factor of 14994067 and 21065.
4213
What is the greatest common factor of 13800288 and 1914?
174
Calculate the highest common divisor of 1283653 and 301546.
833
What is the highest common divisor of 29658222 and 103212?
846
Calculate the highest common divisor of 452221 and 7129822.
5873
What is the greatest common divisor of 1813 and 132133771?
259
What is the greatest common divisor of 497344176 and 189?
63
What is the greatest common divisor of 70 and 435475565?
35
Calculate the highest common divisor of 859 and 95077.
1
Calculate the greatest common divisor of 4160 and 3777436.
52
Calculate the highest common divisor of 26106762 and 1677.
129
What is the greatest common divisor of 11 and 65841721?
11
Calculate the greatest common factor of 2850 and 8902925.
475
Calculate the highest common divisor of 160 and 50936.
8
What is the greatest common divisor of 7718 and 140240146?
454
Calculate the highest common divisor of 114813303 and 3171.
453
Calculate the highest common factor of 93645 and 15705.
45
Calculate the greatest common factor of 300023548 and 352.
44
Calculate the greatest common factor of 243 and 342747.
9
What is the greatest common divisor of 30100 and 892465?
1505
Calculate the highest common divisor of 5741525 and 1775.
25
Calculate the greatest common factor of 50859 and 396.
9
What is the highest common factor of 24010660 and 1255?
1255
What is the greatest common divisor of 1071 and 772137?
9
Calculate the greatest common factor of 128528 and 316912.
464
What is the highest common factor of 7644 and 279234732?
588
What is the highest common factor of 441345992 and 955?
191
What is the highest common factor of 1634 and 18536913?
817
Calculate the highest common factor of 269 and 48191350.
269
Calculate the greatest common factor of 3055766 and 1670.
334
What is the highest common factor of 3742 and 8361499?
1871
Calculate the greatest common divisor of 497 and 3566969.
497
Calculate the highest common factor of 261 and 260961633.
261
Calculate the highest common divisor of 4830 and 3630090.
690
Calculate the greatest common factor of 276 and 317375574.
138
Calculate the highest common divisor of 318208 and 3680512.
2816
Calculate the greatest common divisor of 9028526 and 26.
26
What is the greatest common divisor of 41 and 306401815?
41
Calculate the greatest common factor of 11544 and 305324.
148
Calculate the greatest common divisor of 2595537 and 5103.
189
What is the greatest common divisor of 9177792 and 3146?
26
Calculate the greatest common factor of 260 and 110628740.
20
Calculate the highest common divisor of 15 and 921970275.
15
What is the highest common divisor of 18016 and 59514730?
1126
What is the highest common factor of 211485 and 1101561?
1839
Calculate the highest common divisor of 675612502 and 3714.
1238
What is the highest common factor of 166155178 and 1666?
1666
Calculate the greatest common factor of 22 and 2505921.
11
What is the greatest common divisor of 67597420 and 594?
22
Calculate the greatest common divisor of 3549 and 7159089.
21
What is the highest common divisor of 1073584 and 520?
8
What is the highest common divisor of 8225 and 689213?
7
Calculate the highest common factor of 13230 and 33198660.